Is 44101 composite?
False
Is 4207 prime?
False
Is 17153 composite?
True
Is 22138 a composite number?
True
Is 277867 a composite number?
True
Is 277289 a composite number?
True
Is 195659 a composite number?
False
Is 5160917 a prime number?
True
Is 407501 a composite number?
False
Is 153107 composite?
False
Is 1741 a composite number?
False
Is 3181 prime?
True
Is 76786 composite?
True
Is 1217 composite?
False
Is 41333 a composite number?
False
Is 6911 composite?
False
Is 120337 a composite number?
True
Is 6107 prime?
False
Is 17153 a prime number?
False
Is 1085879 a prime number?
False
Is 203 a composite number?
True
Is 8419 prime?
True
Is 47441 prime?
True
Is 2129 a composite number?
False
Is 33287 prime?
True
Is 891251 composite?
False
Is 17783 prime?
True
Is 6599 composite?
False
Is 364241 prime?
True
Is 11957 a prime number?
False
Is 50506 a composite number?
True
Is 726239 a prime number?
False
Is 27527 a prime number?
True
Is 283063 a composite number?
True
Is 1111069 a composite number?
True
Is 558169 prime?
False
Is 1105937 a prime number?
False
Is 57839 prime?
True
Is 351767 composite?
True
Is 18059 prime?
True
Is 95543 prime?
False
Is 20579 a composite number?
True
Is 42061 a prime number?
True
Is 7433 a composite number?
False
Is 315565 a prime number?
False
Is 19799 composite?
True
Is 50257 prime?
False
Is 30779 prime?
False
Is 17011 a composite number?
False
Is 30655 a composite number?
True
Is 1238209 a composite number?
True
Is 26897 prime?
False
Is 909371 composite?
False
Is 398207 a composite number?
False
Is 131 composite?
False
Is 11573 prime?
False
Is 1606679 a prime number?
False
Is 217619 a composite number?
False
Is 1073647 prime?
True
Is 17002 a prime number?
False
Is 271537 composite?
True
Is 6121 a prime number?
True
Is 172739 a prime number?
False
Is 1537885 a composite number?
True
Is 58449 composite?
True
Is 18701 prime?
True
Is 64958 a prime number?
False
Is 7349 a prime number?
True
Is 39473 a prime number?
False
Is 2071 composite?
True
Is 1003 a prime number?
False
Is 40349 prime?
False
Is 27329 prime?
True
Is 55493 composite?
True
Is 32497 prime?
True
Is 18839 a prime number?
True
Is 1219 composite?
True
Is 318953 composite?
True
Is 20477 prime?
True
Is 338743 prime?
False
Is 1369 composite?
True
Is 26083 a prime number?
True
Is 6947 a prime number?
True
Is 7647 a composite number?
True
Is 1973 a prime number?
True
Is 2759 a prime number?
False
Is 359117 prime?
False
Is 2682533 composite?
True
Is 174737 prime?
True
Is 4513 a prime number?
True
Is 5411 composite?
True
Is 261071 a composite number?
False
Is 12301 composite?
False
Is 670987 a prime number?
True
Is 671977 prime?
False
Is 5331 a prime number?
False
Is 18053 prime?
False
Is 84601 a prime number?
False
Is 991867 a composite number?
False
Is 452963 prime?
False
Is 40927 a composite number?
False
Is 2559 a prime number?
False
Is 887 a composite number?
False
Is 7177 composite?
False
Is 12569 a prime number?
True
Is 3566 composite?
True
Is 27179 prime?
True
Is 4169 a composite number?
True
Is 1409 a composite number?
False
Is 1140091 a composite number?
False
Is 1487899 composite?
True
Is 254573 composite?
True
Is 194167 prime?
True
Is 27569 prime?
False
Is 108401 composite?
False
Is 438337 prime?
False
Is 365389 composite?
True
Is 8401 a prime number?
False
Is 87739 prime?
True
Is 99863 a composite number?
True
Is 14187 composite?
True
Is 121003 prime?
False
Is 58523 a composite number?
True
Is 1502 a prime number?
False
Is 301163 composite?
True
Is 627449 a prime number?
True
Is 5191 prime?
False
Is 16439 a prime number?
False
Is 2533 prime?
False
Is 82357 a composite number?
True
Is 31957 composite?
False
Is 1735573 composite?
True
Is 332687 a prime number?
True
Is 63931 a composite number?
True
Is 278815 a prime number?
False
Is 91527 prime?
False
Is 13649 prime?
True
Is 52051 a prime number?
True
Is 853313 a composite number?
True
Is 89 a prime number?
True
Is 30757 composite?
False
Is 8351 a prime number?
False
Is 19951 composite?
True
Is 825857 a composite number?
False
Is 7521907 prime?
False
Is 588743 a composite number?
False
Is 107391 prime?
False
Is 5305 prime?
False
Is 865401 a prime number?
False
Is 283522 a prime number?
False
Is 4164791 a prime number?
True
Is 23726 a composite number?
True
Is 58727 a prime number?
True
Is 631 a prime number?
True
Is 3433 a prime number?
True
Is 422143 a composite number?
True
Is 44351 prime?
True
Is 108343 prime?
True
Is 56467 a composite number?
False
Is 5707 a prime number?
False
Is 11719 composite?
False
Is 48005 prime?
False
Is 149387 a composite number?
True
Is 2047387 a composite number?
False
Is 45593 a composite number?
True
Is 373823 prime?
True
Is 3295 a composite number?
True
Is 20459 prime?
False
Is 79087 a composite number?
False
Is 882517 a composite number?
False
Is 44011 composite?
True
Is 1413427 prime?
True
Is 2999 a prime number?
True
Is 47789 composite?
True
Is 1503799 composite?
True
Is 14173 prime?
True
Is 6611 prime?
False
Is 83393 composite?
True
Is 259 a composite number?
True
Is 5077 composite?
False
Is 77906 a composite number?
True
Is 9406 prime?
False
Is 319663 composite?
True
Is 2863 a composite number?
True
Is 50335 prime?
False
Is 1056869 a composite number?
True
Is 105217 a composite number?
True
Is 138371 a composite number?
False
Is 618799 a composite number?
False
Is 29005 a composite number?
True
Is 446 a prime number?
False
Is 284579 composite?
True
Is 61154 a prime number?
False
Is 3389 prime?
True
Is 191669 prime?
True
Is 197737 prime?
False
Is 387877 a prime number?
False
Is 5027 a prime number?
False
Is 88681 a composite number?
False
Is 152601 prime?
False
Is 5563 a prime number?
True
Is 113507 composite?
True
Is 214939 a prime number?
True
Is 755663 a composite number?
False
Is 16634 prime?
False
Is 72739 a composite number?
False
Is 127 a prime number?
True
Is 23971 a composite number?
False
Is 167303 a composite number?
True
Is 3442 composite?
True
Is 1976981 prime?
False
Is 2823943 a composite number?
False
Is 379333 a prime number?
True
Is 1639 prime?
False
Is 677309 prime?
True
Is 83887 prime?
False
Is 11015 composite?
True
Is 6619 a prime number?
True
Is 203417 a prime number?
True
Is 58 composite?
True
Is 253535 prime?
False
Is 190327 a composite number?
True
Is 15217 a prime number?
True
Is 15299 a prime number?
True
Is 6547 a prime number?
True
Is 1530409 a composite number?
False
Is 2563 a composite number?
True
Is 19801 composite?
False
Is 185123 composite?
False
Is 6637 composite?
False
Is 7237 composite?
False
Is 36311 composite?
True
Is 887 composite?
False
Is 523453 a prime number?
False
Is 536593 a composite number?
False
Is 7583 composite?
False
Is 391409 a composite number?
True
Is 5773 prime?
False
Is 99321 a prime number?
False
Is 1582877 prime?
True
Is 3809 composite?
True
Is 4586 a prime number?
False
Is 993467 a composite number?
False
Is 784439 composite?
True
Is 25093 composite?
True
Is 638103 a composite number?
True
Is 2668769 a composite number?
False
Is 148321 composite?
True
Is 1543 prime?
True
Is 178067 a prime number?
True
Is 3127 a composite number?
True
Is 28073 a composite number?
True
Is 71367 a prime number?
False
Is 32939 composite?
False
Is 3571 a composite number?
False
Is 159311 composite?
False
Is 64177 a prime number?
False
Is 156887 a prime number?
True
Is 34871 a composite number?
False
Is 96643 a composite number?
False
Is 8705 prime?
False
Is 781031 a prime number?
False
Is 51971 a composite number?
False
Is 65353 a composite number?
False
Is 16529 composite?
False
Is 1489737 composite?
True
Is 16397 a composite number?
True
Is 13217 prime?
True
Is 36151 a composite number?
False
Is 28097 a prime number?
True
Is 16013 a composite number?
True
Is 121139 prime?
True
Is 99469 a composite number?
False
Is 19847 composite?
True
Is 479 a composite number?
False
Is 430783 a composite number?
False
Is 85991 a composite number?
False
Is 59509 composite?
False
Is 7919 a prime number?
True
Is 1189 prime?
False
Is 76367 prime?
True
Is 8743 a composite number?
True
Is 59483 a composite number?
True
Is 349253 a composite number?
True
Is 5039 a composite number?
False
Is 179983 a composite number?
True
Is 384159 prime?
False
I